{"id":412,"date":"2024-12-05T20:32:35","date_gmt":"2024-12-05T20:32:35","guid":{"rendered":"https:\/\/summerhouse.ee\/vana\/?page_id=412"},"modified":"2025-11-27T14:58:22","modified_gmt":"2025-11-27T14:58:22","slug":"holiday-options","status":"publish","type":"page","link":"https:\/\/summerhouse.ee\/ger\/holiday-options\/","title":{"rendered":"Urlaubsm\u00f6glichkeiten"},"content":{"rendered":"\n<div class=\"wp-block-cover alignfull is-light\" style=\"min-height:436px;aspect-ratio:unset;\"><video class=\"wp-block-cover__video-background intrinsic-ignore\" autoplay muted loop playsinline src=\"https:\/\/summerhouse.ee\/ger\/wp-content\/uploads\/2024\/11\/Summerhouse-taustaklipp-opt.mp4\" data-object-fit=\"cover\"><\/video><span aria-hidden=\"true\" class=\"wp-block-cover__background has-background-dim-40 has-background-dim\" style=\"background-color:#000000\"><\/span><div class=\"wp-block-cover__inner-container is-layout-flow wp-block-cover-is-layout-flow\">\n<p class=\"has-text-align-center has-large-font-size\"><\/p>\n<\/div><\/div>\n\n\n\n<div class=\"wp-block-columns alignwide is-layout-flex wp-container-core-columns-is-layout-d2da2050 wp-block-columns-is-layout-flex\" style=\"margin-bottom:0\">\n<div class=\"wp-block-column has-text-color has-background has-link-color wp-elements-056613f54de12079186c977371d777b3 is-layout-flow wp-block-column-is-layout-flow\" style=\"color:#000000;background-color:#ffe97d;padding-top:2em;padding-right:2em;padding-bottom:2em;padding-left:2em\">\n<h2 class=\"wp-block-heading\" id=\"single\" style=\"font-size:clamp(24.034px, 1.502rem + ((1vw - 3.2px) * 1.55), 40px);\"><strong>Kurzurlaub<\/strong><\/h2>\n\n\n\n<p class=\"has-normal-font-size\" style=\"line-height:1.5\"><strong>Mindestaufenthalt: 2 N\u00e4chte<\/strong><\/p>\n\n\n\n<hr class=\"wp-block-separator has-text-color has-css-opacity has-background is-style-wide\" style=\"background-color:#000000;color:#000000\"\/>\n\n\n\n<p><strong>Genie\u00dfen Sie ein Wochenende mit Ihren liebsten Freunden oder Ihrer Familie. Grillen Sie, entspannen Sie in der Sauna oder unternehmen Sie eine erfrischende Wanderung auf den Wanderwegen von Kassari.<\/strong><\/p>\n\n\n\n<p><em>(In der Nebensaison k\u00f6nnen die Preise g\u00fcnstiger sein.)<\/em><\/p>\n\n\n\n<p><\/p>\n\n\n\n<div class=\"wp-block-buttons alignfull is-horizontal is-content-justification-center is-layout-flex wp-container-core-buttons-is-layout-03627597 wp-block-buttons-is-layout-flex\">\n<div class=\"wp-block-button has-custom-width wp-block-button__width-100\"><a class=\"wp-block-button__link has-white-color has-text-color has-background no-border-radius wp-element-button\" style=\"background-color:#000000\">300-350 EUR pro Nacht<\/a><\/div>\n<\/div>\n<\/div>\n\n\n\n<div class=\"wp-block-column has-text-color has-background has-link-color wp-elements-52fd86b599acf0af6534acbe704143fe is-layout-flow wp-block-column-is-layout-flow\" style=\"color:#000000;background-color:#d1d1e1;padding-top:2em;padding-right:2em;padding-bottom:2em;padding-left:2em\">\n<h2 class=\"wp-block-heading\" id=\"family\" style=\"font-size:clamp(24.034px, 1.502rem + ((1vw - 3.2px) * 1.55), 40px);\"><strong>Langzeitmiete<\/strong><\/h2>\n\n\n\n<p class=\"has-normal-font-size\" style=\"line-height:1.5\"><strong>Mindestaufenthalt: 5 N\u00e4chte<\/strong><\/p>\n\n\n\n<hr class=\"wp-block-separator has-css-opacity is-style-wide\"\/>\n\n\n\n<p><strong>Verl\u00e4ngern Sie Ihre Wochenenden oder entfliehen Sie f\u00fcr eine Woche dem Trubel der Stadt. Genie\u00dfen Sie die Preisvorteile eines l\u00e4ngeren Aufenthalts.<\/strong><\/p>\n\n\n\n<p><\/p>\n\n\n\n<p><em>(In der Nebensaison k\u00f6nnen die Preise g\u00fcnstiger sein.)<\/em><\/p>\n\n\n\n<p><\/p>\n\n\n\n<div class=\"wp-block-buttons alignfull is-horizontal is-content-justification-center is-layout-flex wp-container-core-buttons-is-layout-03627597 wp-block-buttons-is-layout-flex\">\n<div class=\"wp-block-button has-custom-width wp-block-button__width-100 is-style-fill\"><a class=\"wp-block-button__link has-white-color has-text-color has-background no-border-radius wp-element-button\" style=\"background-color:#000000\">270 EUR pro Nacht<\/a><\/div>\n<\/div>\n<\/div>\n\n\n\n<div class=\"wp-block-column has-text-color has-background has-link-color wp-elements-9ef1d45182211fcf9af2dbaf31b67867 is-layout-flow wp-block-column-is-layout-flow\" style=\"color:#000000;background-color:#c0ebf1;padding-top:2em;padding-right:2em;padding-bottom:2em;padding-left:2em\">\n<h2 class=\"wp-block-heading\" id=\"patron\" style=\"font-size:clamp(24.034px, 1.502rem + ((1vw - 3.2px) * 1.55), 40px);\"><strong><strong>Leben wie ein Insulaner<\/strong><\/strong><\/h2>\n\n\n\n<p class=\"has-normal-font-size\">Mindestaufenthalt: 10 N\u00e4chte<\/p>\n\n\n\n<hr class=\"wp-block-separator has-css-opacity is-style-wide\"\/>\n\n\n\n<p>Die Insel Hiiumaa und ihre Kultur haben viel zu bieten. Es spielt keine Rolle, ob es Sommer, Herbst, Winter oder Fr\u00fchling ist \u2013 Sie werden zahlreiche Abenteuer entdecken. Lassen Sie sich einfach von der Insel \u00fcberraschen. Genie\u00dfen Sie die Erm\u00e4\u00dfigungen wie ein Einheimischer.<\/p>\n\n\n\n<p><em><em>(In der Nebensaison k\u00f6nnen die Preise g\u00fcnstiger sein.)<\/em><\/em><\/p>\n\n\n\n<div class=\"wp-block-buttons alignfull is-horizontal is-content-justification-center is-layout-flex wp-container-core-buttons-is-layout-03627597 wp-block-buttons-is-layout-flex\">\n<div class=\"wp-block-button has-custom-width wp-block-button__width-100\"><a class=\"wp-block-button__link has-white-color has-text-color has-background no-border-radius wp-element-button\" style=\"background-color:#000000\">250 EUR pro Nacht<\/a><\/div>\n<\/div>\n<\/div>\n<\/div>\n\n\n\n<div class=\"wp-block-buttons is-content-justification-center is-layout-flex wp-container-core-buttons-is-layout-a89b3969 wp-block-buttons-is-layout-flex\">\n<div class=\"wp-block-button\"><a class=\"wp-block-button__link wp-element-button\" href=\"https:\/\/summerhouse.ee\/ger\/how-to-arrive\/\">Anreiseinformation<\/a><\/div>\n<\/div>\n\n\n\n<div class=\"wp-block-buttons is-content-justification-center is-layout-flex wp-container-core-buttons-is-layout-a89b3969 wp-block-buttons-is-layout-flex\">\n<div class=\"wp-block-button\"><a class=\"wp-block-button__link wp-element-button\" href=\"https:\/\/summerhouse.ee\/ger\/about\/\">Informationen zur Gastfreundschaft<\/a><\/div>\n<\/div>\n\n\n\n<h3 class=\"wp-block-heading has-text-align-center\"><strong>F\u00fcr Verf\u00fcgbarkeiten kontaktieren Sie uns: <a href=\"mailto:hello@summerhouse.ee\">hello@summerhouse.ee<\/a><\/strong><\/h3>\n\n\n\n<p><\/p>\n","protected":false},"excerpt":{"rendered":"<p>Kurzurlaub Mindestaufenthalt: 2 N\u00e4chte Genie\u00dfen Sie ein Wochenende mit Ihren liebsten Freunden oder Ihrer Familie. Grillen Sie, entspannen Sie in der Sauna oder unternehmen Sie eine erfrischende Wanderung auf den Wanderwegen von Kassari. (In der Nebensaison k\u00f6nnen die Preise g\u00fcnstiger sein.) Langzeitmiete Mindestaufenthalt: 5 N\u00e4chte Verl\u00e4ngern Sie Ihre Wochenenden oder entfliehen Sie f\u00fcr eine Woche [&hellip;]<\/p>\n","protected":false},"author":1,"featured_media":0,"parent":0,"menu_order":0,"comment_status":"closed","ping_status":"closed","template":"","meta":{"footnotes":""},"class_list":["post-412","page","type-page","status-publish","hentry"],"_links":{"self":[{"href":"https:\/\/summerhouse.ee\/ger\/wp-json\/wp\/v2\/pages\/412","targetHints":{"allow":["GET"]}}],"collection":[{"href":"https:\/\/summerhouse.ee\/ger\/wp-json\/wp\/v2\/pages"}],"about":[{"href":"https:\/\/summerhouse.ee\/ger\/wp-json\/wp\/v2\/types\/page"}],"author":[{"embeddable":true,"href":"https:\/\/summerhouse.ee\/ger\/wp-json\/wp\/v2\/users\/1"}],"replies":[{"embeddable":true,"href":"https:\/\/summerhouse.ee\/ger\/wp-json\/wp\/v2\/comments?post=412"}],"version-history":[{"count":22,"href":"https:\/\/summerhouse.ee\/ger\/wp-json\/wp\/v2\/pages\/412\/revisions"}],"predecessor-version":[{"id":674,"href":"https:\/\/summerhouse.ee\/ger\/wp-json\/wp\/v2\/pages\/412\/revisions\/674"}],"wp:attachment":[{"href":"https:\/\/summerhouse.ee\/ger\/wp-json\/wp\/v2\/media?parent=412"}],"curies":[{"name":"wp","href":"https:\/\/api.w.org\/{rel}","templated":true}]}}