{"id":564,"date":"2025-10-10T12:24:44","date_gmt":"2025-10-10T12:24:44","guid":{"rendered":"https:\/\/summerhouse.ee\/vana\/?page_id=564"},"modified":"2025-10-10T12:24:44","modified_gmt":"2025-10-10T12:24:44","slug":"kuidas-jouda-kohale","status":"publish","type":"page","link":"https:\/\/summerhouse.ee\/ger\/et\/kuidas-jouda-kohale\/","title":{"rendered":"Kuidas j\u00f5uda kohale?"},"content":{"rendered":"\n<p><\/p>\n\n\n\n<div class=\"wp-block-columns are-vertically-aligned-center is-layout-flex wp-container-core-columns-is-layout-28f84493 wp-block-columns-is-layout-flex\">\n<div class=\"wp-block-column is-vertically-aligned-center is-layout-flow wp-block-column-is-layout-flow\">\n<div class=\"wp-block-cover is-light\" style=\"border-radius:12px;min-height:290px;aspect-ratio:unset;\"><img loading=\"lazy\" decoding=\"async\" width=\"1688\" height=\"746\" class=\"wp-block-cover__image-background wp-image-461\" alt=\"\" src=\"https:\/\/summerhouse.ee\/vana\/wp-content\/uploads\/2024\/12\/Screenshot-2024-12-30-at-10.43.25.png\" data-object-fit=\"cover\" srcset=\"https:\/\/summerhouse.ee\/ger\/wp-content\/uploads\/2024\/12\/Screenshot-2024-12-30-at-10.43.25.png 1688w, https:\/\/summerhouse.ee\/ger\/wp-content\/uploads\/2024\/12\/Screenshot-2024-12-30-at-10.43.25-300x133.png 300w, https:\/\/summerhouse.ee\/ger\/wp-content\/uploads\/2024\/12\/Screenshot-2024-12-30-at-10.43.25-1024x453.png 1024w, https:\/\/summerhouse.ee\/ger\/wp-content\/uploads\/2024\/12\/Screenshot-2024-12-30-at-10.43.25-768x339.png 768w, https:\/\/summerhouse.ee\/ger\/wp-content\/uploads\/2024\/12\/Screenshot-2024-12-30-at-10.43.25-1536x679.png 1536w\" sizes=\"auto, (max-width: 1688px) 100vw, 1688px\" \/><span aria-hidden=\"true\" class=\"wp-block-cover__background has-background-dim-0 has-background-dim\" style=\"background-color:#5d5141\"><\/span><div class=\"wp-block-cover__inner-container has-global-padding is-layout-constrained wp-block-cover-is-layout-constrained\">\n<p><\/p>\n<\/div><\/div>\n<\/div>\n\n\n\n<div class=\"wp-block-column is-vertically-aligned-center is-layout-flow wp-container-core-column-is-layout-b2a27621 wp-block-column-is-layout-flow\" style=\"padding-top:0;padding-right:0;padding-bottom:0;padding-left:0\">\n<div class=\"wp-block-group has-global-padding is-layout-constrained wp-container-core-group-is-layout-c8ee93ac wp-block-group-is-layout-constrained\" style=\"padding-right:var(--wp--preset--spacing--70);padding-left:var(--wp--preset--spacing--70)\">\n<p style=\"margin-top:var(--wp--preset--spacing--50);margin-right:0;margin-bottom:var(--wp--preset--spacing--60);margin-left:0;padding-top:0;padding-right:0;padding-bottom:0;padding-left:0;line-height:1.7\"><strong>Suuruselt teine saar Eestis<\/strong><\/p>\n\n\n\n<p style=\"margin-top:var(--wp--preset--spacing--50);margin-right:0;margin-bottom:var(--wp--preset--spacing--60);margin-left:0;padding-top:0;padding-right:0;padding-bottom:0;padding-left:0;line-height:1.7\">Hiiumaa asub L\u00e4\u00e4nemere s\u00fcdames \u2013 vaid m\u00f5nesaja kilomeetri kaugusel Rootsist ja Soomest. Saar, mida \u00fcmbritseb meri igast k\u00fcljest, on h\u00f5lpsasti ligip\u00e4\u00e4setav nii jahi, lennuki kui ka auto ja praami kaudu.<\/p>\n\n\n\n<p style=\"margin-top:var(--wp--preset--spacing--50);margin-right:0;margin-bottom:var(--wp--preset--spacing--60);margin-left:0;padding-top:0;padding-right:0;padding-bottom:0;padding-left:0;line-height:1.7\"><\/p>\n\n\n\n<p><\/p>\n<\/div>\n<\/div>\n<\/div>\n\n\n\n<main class=\"wp-block-group has-global-padding is-layout-constrained wp-container-core-group-is-layout-23246a07 wp-block-group-is-layout-constrained\" style=\"margin-top:0;margin-bottom:0;padding-top:40px;padding-right:24px;padding-bottom:40px;padding-left:24px\">\n<div class=\"wp-block-columns are-vertically-aligned-center is-layout-flex wp-container-core-columns-is-layout-28f84493 wp-block-columns-is-layout-flex\">\n<div class=\"wp-block-column is-vertically-aligned-center is-layout-flow wp-block-column-is-layout-flow\">\n<div class=\"wp-block-cover is-light\" style=\"border-radius:12px;min-height:320px;aspect-ratio:unset;\"><img loading=\"lazy\" decoding=\"async\" width=\"2560\" height=\"1707\" class=\"wp-block-cover__image-background wp-image-291\" alt=\"\" src=\"https:\/\/summerhouse.ee\/vana\/wp-content\/uploads\/2024\/11\/ML-4967-scaled.jpg\" data-object-fit=\"cover\" srcset=\"https:\/\/summerhouse.ee\/ger\/wp-content\/uploads\/2024\/11\/ML-4967-scaled.jpg 2560w, https:\/\/summerhouse.ee\/ger\/wp-content\/uploads\/2024\/11\/ML-4967-300x200.jpg 300w, https:\/\/summerhouse.ee\/ger\/wp-content\/uploads\/2024\/11\/ML-4967-1024x683.jpg 1024w, https:\/\/summerhouse.ee\/ger\/wp-content\/uploads\/2024\/11\/ML-4967-768x512.jpg 768w, https:\/\/summerhouse.ee\/ger\/wp-content\/uploads\/2024\/11\/ML-4967-1536x1024.jpg 1536w, https:\/\/summerhouse.ee\/ger\/wp-content\/uploads\/2024\/11\/ML-4967-2048x1365.jpg 2048w\" sizes=\"auto, (max-width: 2560px) 100vw, 2560px\" \/><span aria-hidden=\"true\" class=\"wp-block-cover__background has-background-dim-0 has-background-dim\" style=\"background-color:#5d5141\"><\/span><div class=\"wp-block-cover__inner-container has-global-padding is-layout-constrained wp-block-cover-is-layout-constrained\">\n<p class=\"has-text-align-center has-large-font-size\"><\/p>\n<\/div><\/div>\n<\/div>\n\n\n\n<div class=\"wp-block-column is-vertically-aligned-center is-layout-flow wp-container-core-column-is-layout-b2a27621 wp-block-column-is-layout-flow\" style=\"padding-top:0;padding-right:0;padding-bottom:0;padding-left:0\">\n<div class=\"wp-block-group has-global-padding is-layout-constrained wp-container-core-group-is-layout-c8ee93ac wp-block-group-is-layout-constrained\" style=\"padding-right:var(--wp--preset--spacing--70);padding-left:var(--wp--preset--spacing--70)\">\n<p style=\"margin-top:var(--wp--preset--spacing--50);margin-right:0;margin-bottom:var(--wp--preset--spacing--60);margin-left:0;padding-top:0;padding-right:0;padding-bottom:0;padding-left:0;line-height:1.7\"><strong>Tule paadi, jahi v\u00f5i kaatriga<\/strong><\/p>\n\n\n\n<p style=\"margin-top:var(--wp--preset--spacing--50);margin-right:0;margin-bottom:var(--wp--preset--spacing--60);margin-left:0;padding-top:0;padding-right:0;padding-bottom:0;padding-left:0;line-height:1.7\">Hiiumaa Summerhouse on vaid 15-minutilise jalutusk\u00e4iku kaugusel Orjaku sadamast \u2013 v\u00f5luvast v\u00e4ikesadamast, kus kohtuvad meri, maitseelamused ja kultuur.<br>Navigatsioonihooaeg kestab maist septembrini, sadam mahutab nii mootorpaate kui jahtlaevu ning pakub k\u00fclalistele restorani, kontserte ja suviseid laatasid. Rohkem infot:&nbsp;<a href=\"https:\/\/orjaku.ee\/sadam\/en\/\">https:\/\/orjaku.ee\/sadam<\/a>.<\/p>\n\n\n\n<p style=\"margin-top:var(--wp--preset--spacing--50);margin-right:0;margin-bottom:var(--wp--preset--spacing--60);margin-left:0;padding-top:0;padding-right:0;padding-bottom:0;padding-left:0;line-height:1.7\"><\/p>\n<\/div>\n<\/div>\n<\/div>\n<\/main>\n\n\n\n<main class=\"wp-block-group has-global-padding is-layout-constrained wp-container-core-group-is-layout-23246a07 wp-block-group-is-layout-constrained\" style=\"margin-top:0;margin-bottom:0;padding-top:40px;padding-right:24px;padding-bottom:40px;padding-left:24px\">\n<div class=\"wp-block-columns are-vertically-aligned-center is-layout-flex wp-container-core-columns-is-layout-28f84493 wp-block-columns-is-layout-flex\">\n<div class=\"wp-block-column is-vertically-aligned-center is-layout-flow wp-block-column-is-layout-flow\">\n<div class=\"wp-block-cover is-light\" style=\"border-radius:12px;min-height:310px;aspect-ratio:unset;\"><img loading=\"lazy\" decoding=\"async\" width=\"2560\" height=\"1707\" class=\"wp-block-cover__image-background wp-image-287\" alt=\"\" src=\"https:\/\/summerhouse.ee\/vana\/wp-content\/uploads\/2024\/11\/ML-1102-scaled.jpg\" data-object-fit=\"cover\" srcset=\"https:\/\/summerhouse.ee\/ger\/wp-content\/uploads\/2024\/11\/ML-1102-scaled.jpg 2560w, https:\/\/summerhouse.ee\/ger\/wp-content\/uploads\/2024\/11\/ML-1102-300x200.jpg 300w, https:\/\/summerhouse.ee\/ger\/wp-content\/uploads\/2024\/11\/ML-1102-1024x683.jpg 1024w, https:\/\/summerhouse.ee\/ger\/wp-content\/uploads\/2024\/11\/ML-1102-768x512.jpg 768w, https:\/\/summerhouse.ee\/ger\/wp-content\/uploads\/2024\/11\/ML-1102-1536x1024.jpg 1536w, https:\/\/summerhouse.ee\/ger\/wp-content\/uploads\/2024\/11\/ML-1102-2048x1365.jpg 2048w\" sizes=\"auto, (max-width: 2560px) 100vw, 2560px\" \/><span aria-hidden=\"true\" class=\"wp-block-cover__background has-background-dim-0 has-background-dim\" style=\"background-color:#5d5141\"><\/span><div class=\"wp-block-cover__inner-container has-global-padding is-layout-constrained wp-block-cover-is-layout-constrained\">\n<p class=\"has-text-align-center has-large-font-size\"><\/p>\n<\/div><\/div>\n<\/div>\n\n\n\n<div class=\"wp-block-column is-vertically-aligned-center is-layout-flow wp-container-core-column-is-layout-b2a27621 wp-block-column-is-layout-flow\" style=\"padding-top:0;padding-right:0;padding-bottom:0;padding-left:0\">\n<div class=\"wp-block-group has-global-padding is-layout-constrained wp-container-core-group-is-layout-c8ee93ac wp-block-group-is-layout-constrained\" style=\"padding-right:var(--wp--preset--spacing--70);padding-left:var(--wp--preset--spacing--70)\">\n<p><strong>Tule lennukiga <\/strong><\/p>\n\n\n\n<p style=\"margin-top:var(--wp--preset--spacing--50);margin-right:0;margin-bottom:var(--wp--preset--spacing--60);margin-left:0;padding-top:0;padding-right:0;padding-bottom:0;padding-left:0;line-height:1.7\">Hiiumaa lennujaam asub K\u00e4rdlas ning sealt toimub lende Tallinnast 12 korda n\u00e4dalas. Lend kestab umbes 30 minutit ning piletihind on ligikaudu 40 eurot inimese kohta. Lisainfo:\u00a0<a href=\"https:\/\/flynyx.com\/\">https:\/\/flynyx.com<\/a><\/p>\n\n\n\n<p style=\"margin-top:var(--wp--preset--spacing--50);margin-right:0;margin-bottom:var(--wp--preset--spacing--60);margin-left:0;padding-top:0;padding-right:0;padding-bottom:0;padding-left:0;line-height:1.7\">K\u00e4rdla lennujaamast on Hiiumaa Summerhouse&#8217;i umbes 30-minutiline autos\u00f5it. Palume eelnevalt teada anda, kui soovite transporti lennujaamast Summerhouse&#8217;i.<\/p>\n<\/div>\n<\/div>\n<\/div>\n<\/main>\n\n\n\n<main class=\"wp-block-group has-global-padding is-layout-constrained wp-container-core-group-is-layout-23246a07 wp-block-group-is-layout-constrained\" style=\"margin-top:0;margin-bottom:0;padding-top:40px;padding-right:24px;padding-bottom:40px;padding-left:24px\">\n<div class=\"wp-block-columns are-vertically-aligned-center is-layout-flex wp-container-core-columns-is-layout-28f84493 wp-block-columns-is-layout-flex\">\n<div class=\"wp-block-column is-vertically-aligned-center is-layout-flow wp-block-column-is-layout-flow\">\n<div class=\"wp-block-cover is-light\" style=\"border-radius:12px;min-height:328px;aspect-ratio:unset;\"><img loading=\"lazy\" decoding=\"async\" width=\"2048\" height=\"1151\" class=\"wp-block-cover__image-background wp-image-465\" alt=\"\" src=\"https:\/\/summerhouse.ee\/vana\/wp-content\/uploads\/2024\/12\/praam.jpg\" data-object-fit=\"cover\" srcset=\"https:\/\/summerhouse.ee\/ger\/wp-content\/uploads\/2024\/12\/praam.jpg 2048w, https:\/\/summerhouse.ee\/ger\/wp-content\/uploads\/2024\/12\/praam-300x169.jpg 300w, https:\/\/summerhouse.ee\/ger\/wp-content\/uploads\/2024\/12\/praam-1024x576.jpg 1024w, https:\/\/summerhouse.ee\/ger\/wp-content\/uploads\/2024\/12\/praam-768x432.jpg 768w, https:\/\/summerhouse.ee\/ger\/wp-content\/uploads\/2024\/12\/praam-1536x863.jpg 1536w\" sizes=\"auto, (max-width: 2048px) 100vw, 2048px\" \/><span aria-hidden=\"true\" class=\"wp-block-cover__background has-background-dim-0 has-background-dim\" style=\"background-color:#5d5141\"><\/span><div class=\"wp-block-cover__inner-container has-global-padding is-layout-constrained wp-block-cover-is-layout-constrained\">\n<p class=\"has-text-align-center has-large-font-size\"><\/p>\n<\/div><\/div>\n<\/div>\n\n\n\n<div class=\"wp-block-column is-vertically-aligned-center is-layout-flow wp-container-core-column-is-layout-b2a27621 wp-block-column-is-layout-flow\" style=\"padding-top:0;padding-right:0;padding-bottom:0;padding-left:0\">\n<div class=\"wp-block-group has-global-padding is-layout-constrained wp-container-core-group-is-layout-c8ee93ac wp-block-group-is-layout-constrained\" style=\"padding-right:var(--wp--preset--spacing--70);padding-left:var(--wp--preset--spacing--70)\">\n<p style=\"margin-top:var(--wp--preset--spacing--50);margin-right:0;margin-bottom:var(--wp--preset--spacing--60);margin-left:0;padding-top:0;padding-right:0;padding-bottom:0;padding-left:0;line-height:1.7\"><strong>Tule auto ja praamiga<\/strong><\/p>\n\n\n\n<p style=\"margin-top:var(--wp--preset--spacing--50);margin-right:0;margin-bottom:var(--wp--preset--spacing--60);margin-left:0;padding-top:0;padding-right:0;padding-bottom:0;padding-left:0;line-height:1.7\">K\u00f5ige populaarsem viis Hiiumaale reisimiseks on autoga.<br>S\u00f5ida Haapsallu ja suundu sealt Rohuk\u00fcla sadamasse, kust v\u00e4ljuvad praamid Heltermaa sadamasse. Praamis\u00f5it pakub kauneid vaateid ja kestab umbes 1,5 tundi.<\/p>\n\n\n\n<p>Heltermaa sadamast on Hiiumaa Summerhouse&#8217;i umbes 20-minutiline autos\u00f5it.<\/p>\n\n\n\n<p style=\"margin-top:var(--wp--preset--spacing--50);margin-right:0;margin-bottom:var(--wp--preset--spacing--60);margin-left:0;padding-top:0;padding-right:0;padding-bottom:0;padding-left:0;line-height:1.7\">Praamiaegu saad vaadata ja pileteid broneerida siin:&nbsp;<a href=\"https:\/\/www.praamid.ee\/en\/homepage\/\">https:\/\/www.praamid.ee<\/a>.<\/p>\n<\/div>\n<\/div>\n<\/div>\n<\/main>\n\n\n\n<main class=\"wp-block-group has-global-padding is-layout-constrained wp-container-core-group-is-layout-23246a07 wp-block-group-is-layout-constrained\" style=\"margin-top:0;margin-bottom:0;padding-top:40px;padding-right:24px;padding-bottom:40px;padding-left:24px\">\n<div class=\"wp-block-columns are-vertically-aligned-center is-layout-flex wp-container-core-columns-is-layout-28f84493 wp-block-columns-is-layout-flex\">\n<div class=\"wp-block-column is-vertically-aligned-center is-layout-flow wp-block-column-is-layout-flow\">\n<div class=\"wp-block-cover is-light\" style=\"border-radius:12px;min-height:334px;aspect-ratio:unset;\"><img loading=\"lazy\" decoding=\"async\" width=\"1752\" height=\"1172\" class=\"wp-block-cover__image-background wp-image-482\" alt=\"\" src=\"https:\/\/summerhouse.ee\/vana\/wp-content\/uploads\/2024\/12\/Screenshot-2024-12-30-at-20.15.21.png\" data-object-fit=\"cover\" srcset=\"https:\/\/summerhouse.ee\/ger\/wp-content\/uploads\/2024\/12\/Screenshot-2024-12-30-at-20.15.21.png 1752w, https:\/\/summerhouse.ee\/ger\/wp-content\/uploads\/2024\/12\/Screenshot-2024-12-30-at-20.15.21-300x201.png 300w, https:\/\/summerhouse.ee\/ger\/wp-content\/uploads\/2024\/12\/Screenshot-2024-12-30-at-20.15.21-1024x685.png 1024w, https:\/\/summerhouse.ee\/ger\/wp-content\/uploads\/2024\/12\/Screenshot-2024-12-30-at-20.15.21-768x514.png 768w, https:\/\/summerhouse.ee\/ger\/wp-content\/uploads\/2024\/12\/Screenshot-2024-12-30-at-20.15.21-1536x1028.png 1536w\" sizes=\"auto, (max-width: 1752px) 100vw, 1752px\" \/><span aria-hidden=\"true\" class=\"wp-block-cover__background has-background-dim-0 has-background-dim\" style=\"background-color:#5d5141\"><\/span><div class=\"wp-block-cover__inner-container has-global-padding is-layout-constrained wp-block-cover-is-layout-constrained\">\n<p class=\"has-text-align-center has-large-font-size\"><\/p>\n<\/div><\/div>\n<\/div>\n\n\n\n<div class=\"wp-block-column is-vertically-aligned-center is-layout-flow wp-container-core-column-is-layout-b2a27621 wp-block-column-is-layout-flow\" style=\"padding-top:0;padding-right:0;padding-bottom:0;padding-left:0\">\n<div class=\"wp-block-group has-global-padding is-layout-constrained wp-container-core-group-is-layout-c8ee93ac wp-block-group-is-layout-constrained\" style=\"padding-right:var(--wp--preset--spacing--70);padding-left:var(--wp--preset--spacing--70)\">\n<p style=\"margin-top:var(--wp--preset--spacing--50);margin-right:0;margin-bottom:var(--wp--preset--spacing--60);margin-left:0;padding-top:0;padding-right:0;padding-bottom:0;padding-left:0;line-height:1.7\"><strong>Hiiumaa Summerhouse <a href=\"https:\/\/www.google.com\/maps\/place\/Hiiumaa+Summerhouse\/@58.7818538,22.7435841,13z\/data=!4m6!3m5!1s0x46f2932e38f93ae1:0x61c99c065532da91!8m2!3d58.781851!4d22.7847828!16s%2Fg%2F11rc2lt25z?entry=ttu&amp;g_ep=EgoyMDI0MTIxMS4wIKXMDSoASAFQAw%3D%3D\">Google Maps<\/a><\/strong>&#8216;is<\/p>\n\n\n\n<p>Kui s\u00f5idad autoga Hiiumaa Summerhouse\u2019i, sisesta lihtsalt \u201cHiiumaa Summerhouse\u201d Google Mapsi v\u00f5i Waze&#8217;i \u2013 navigatsioon juhatab su mugavalt kohale.<\/p>\n<\/div>\n<\/div>\n<\/div>\n<\/main>\n","protected":false},"excerpt":{"rendered":"<p>Suuruselt teine saar Eestis Hiiumaa asub L\u00e4\u00e4nemere s\u00fcdames \u2013 vaid m\u00f5nesaja kilomeetri kaugusel Rootsist ja Soomest. Saar, mida \u00fcmbritseb meri igast k\u00fcljest, on h\u00f5lpsasti ligip\u00e4\u00e4setav nii jahi, lennuki kui ka auto ja praami kaudu. Tule paadi, jahi v\u00f5i kaatriga Hiiumaa Summerhouse on vaid 15-minutilise jalutusk\u00e4iku kaugusel Orjaku sadamast \u2013 v\u00f5luvast v\u00e4ikesadamast, kus kohtuvad meri, maitseelamused [&hellip;]<\/p>\n","protected":false},"author":1,"featured_media":0,"parent":0,"menu_order":0,"comment_status":"closed","ping_status":"closed","template":"","meta":{"footnotes":""},"class_list":["post-564","page","type-page","status-publish","hentry"],"_links":{"self":[{"href":"https:\/\/summerhouse.ee\/ger\/wp-json\/wp\/v2\/pages\/564","targetHints":{"allow":["GET"]}}],"collection":[{"href":"https:\/\/summerhouse.ee\/ger\/wp-json\/wp\/v2\/pages"}],"about":[{"href":"https:\/\/summerhouse.ee\/ger\/wp-json\/wp\/v2\/types\/page"}],"author":[{"embeddable":true,"href":"https:\/\/summerhouse.ee\/ger\/wp-json\/wp\/v2\/users\/1"}],"replies":[{"embeddable":true,"href":"https:\/\/summerhouse.ee\/ger\/wp-json\/wp\/v2\/comments?post=564"}],"version-history":[{"count":1,"href":"https:\/\/summerhouse.ee\/ger\/wp-json\/wp\/v2\/pages\/564\/revisions"}],"predecessor-version":[{"id":565,"href":"https:\/\/summerhouse.ee\/ger\/wp-json\/wp\/v2\/pages\/564\/revisions\/565"}],"wp:attachment":[{"href":"https:\/\/summerhouse.ee\/ger\/wp-json\/wp\/v2\/media?parent=564"}],"curies":[{"name":"wp","href":"https:\/\/api.w.org\/{rel}","templated":true}]}}